{"id":7329,"date":"2015-01-18T17:10:35","date_gmt":"2015-01-18T17:10:35","guid":{"rendered":"http:\/\/www.narada-holding.com\/data\/?page_id=7329"},"modified":"2015-06-11T13:48:22","modified_gmt":"2015-06-11T13:48:22","slug":"strukovna-com-bijeli-vlak-na-nebu-moga-grada","status":"publish","type":"page","link":"http:\/\/www.veronika-santo.com\/?page_id=7329","title":{"rendered":"Strukovna.com &#8211; Bijeli vlak na nebu moga grada"},"content":{"rendered":"<p style=\"text-align: justify;\"><img decoding=\"async\" loading=\"lazy\" class=\" size-medium wp-image-3298 alignleft\" src=\"http:\/\/strukovna.com\/wp-content\/uploads\/2014\/11\/3925-MA0001-262x400.jpg\" alt=\"Bijeli vlak na nebu moga grada\" width=\"262\" height=\"400\" \/>U biblioteci\u00a0<em>Machu Pichu<\/em>\u00a0Ogranka Matice hrvatske Bizovac, kao peta knjiga, objavljena je zbirka pri\u010da na\u0161e iznimne autorice koja \u017eivi u Rimu, <strong>Veronike Santo<\/strong>.<\/p>\n<p style=\"text-align: justify;\">Zbirka\u00a0<em><strong>Bijeli vlak na nebu moga grada<\/strong><\/em>\u00a0sadr\u017ei deset pri\u010da (uz predgovor i pogovor dr. sc. Tomislava \u0160aki\u0107a), a o kakvoj je spisateljici rije\u010d najbolje govore rije\u010di iz predgovora Milene Benini:<\/p>\n<p style=\"text-align: justify;\"><em>\u201cVeronika Santo pi\u0161e prozu onako kako drugi pi\u0161u poeziju: intuitivno, emotivno, s istan\u010danim osje\u0107ajem za svaku pojedinu rije\u010d.\u00a0\u00a0Svaka njena pripovijetka, poput pjesme u prozi, gradi zaseban, cjelovit svijet. On mo\u017ee biti gotovo posve preklopljen s dana\u0161njicom ili vrlo udaljen od nje, svejedno je.\u00a0<\/em><\/p>\n<p style=\"text-align: justify;\"><em>Veronika Santo pi\u0161e prozu onako kako drugi pi\u0161u poeziju: promi\u0161ljeno, ritmi\u010dno, redaju\u0107i svoje rije\u010di onako kako su drevni majstori redali kamen\u010di\u0107e finih mozaika, izokre\u0107u\u0107i obi\u010dan \u0161ljunak da bi ga pretvorila u neo\u010dekivano, melodi\u010dno, u poeti\u010dno. \u201c<\/em><\/p>\n<p style=\"text-align: justify;\">Izvor : <a href=\"http:\/\/strukovna.com\/bijeli-vlak-na-nebu-moga-grada-veronika-santo\/\">Strukovna.com<\/a><\/p>\n<p>&nbsp;<\/p>\n","protected":false},"excerpt":{"rendered":"<p>U biblioteci\u00a0Machu Pichu\u00a0Ogranka Matice hrvatske Bizovac, kao peta knjiga, objavljena je zbirka pri\u010da na\u0161e iznimne autorice koja \u017eivi u Rimu, Veronike Santo. Zbirka\u00a0Bijeli vlak na nebu moga grada\u00a0sadr\u017ei deset pri\u010da (uz predgovor i pogovor dr. sc. Tomislava \u0160aki\u0107a), a o kakvoj je spisateljici rije\u010d najbolje govore rije\u010di iz predgovora Milene Benini: \u201cVeronika Santo pi\u0161e prozu [&hellip;]<\/p>\n","protected":false},"author":1,"featured_media":0,"parent":0,"menu_order":0,"comment_status":"open","ping_status":"open","template":"page-full-width.php","meta":[],"_links":{"self":[{"href":"http:\/\/www.veronika-santo.com\/index.php?rest_route=\/wp\/v2\/pages\/7329"}],"collection":[{"href":"http:\/\/www.veronika-santo.com\/index.php?rest_route=\/wp\/v2\/pages"}],"about":[{"href":"http:\/\/www.veronika-santo.com\/index.php?rest_route=\/wp\/v2\/types\/page"}],"author":[{"embeddable":true,"href":"http:\/\/www.veronika-santo.com\/index.php?rest_route=\/wp\/v2\/users\/1"}],"replies":[{"embeddable":true,"href":"http:\/\/www.veronika-santo.com\/index.php?rest_route=%2Fwp%2Fv2%2Fcomments&post=7329"}],"version-history":[{"count":2,"href":"http:\/\/www.veronika-santo.com\/index.php?rest_route=\/wp\/v2\/pages\/7329\/revisions"}],"predecessor-version":[{"id":7462,"href":"http:\/\/www.veronika-santo.com\/index.php?rest_route=\/wp\/v2\/pages\/7329\/revisions\/7462"}],"wp:attachment":[{"href":"http:\/\/www.veronika-santo.com\/index.php?rest_route=%2Fwp%2Fv2%2Fmedia&parent=7329"}],"curies":[{"name":"wp","href":"https:\/\/api.w.org\/{rel}","templated":true}]}}