{"id":7349,"date":"2015-01-18T17:26:24","date_gmt":"2015-01-18T17:26:24","guid":{"rendered":"http:\/\/www.narada-holding.com\/data\/?page_id=7349"},"modified":"2015-01-18T17:33:37","modified_gmt":"2015-01-18T17:33:37","slug":"il-giardino-delle-polene-di-veronika-santo","status":"publish","type":"page","link":"http:\/\/www.veronika-santo.com\/?page_id=7349","title":{"rendered":"Il Giardino delle Polene di Veronika\u00a0Santo"},"content":{"rendered":"<p style=\"text-align: justify;\"><img decoding=\"async\" loading=\"lazy\" class=\" alignleft\" src=\"https:\/\/miglieruolo.files.wordpress.com\/2012\/06\/veronica-samto2_n.jpg?w=595&amp;h=793\" alt=\"\" width=\"206\" height=\"275\" \/>E\u2019 appena uscito il volume di Veronica Santo \u201cIl Giardino delle Polene\u201d (Edizioni della Vigna, ISBN 978-88-6276-048-5, http:\/\/www.edizionidellavigna.it\/collane\/FER\/012\/FER012.htm), libro che presenta molteplici motivi di interesse. Sia in quanto permette di affacciarsi su una fantascienza contigua alla nostra ma ispirata da una sensibilit\u00e0 differente rispetto a quella a cui siamo abituati, la fantascienza dei balcani; sia per potersi accostare a una autrice \u201cemergente\u201d che offre una interpretazione personale dei tradizionali temi fantascientifici.<br \/>\nIl volume (presentato ai lettori il 7 giugno presso la libreria Enoarcano, Via delle Paste 106, nel pieno centro di Roma), in considerazione dei criteri ristretti adoperati dall\u2019editore nella scelta dei testi \u2013 testi di ambientazione nei balcani \u2013 da cui poi il sottotitolo del libro e alcune scelte obbligate delle quali la scrittrice non mi ha nascosto il suo dissenso \u2013 presenta testi di valore disuguale; tutti per\u00f2 di sicuro interesse, guidati come sono dalla volont\u00e0 e capacit\u00e0 dell\u2019autrice di dare nuova linfa alla fantascienza; nonch\u00e9 di servirsene per manifestare la propria<br \/>\npersonale visione del mondo. Il che \u00e8 il meglio che si possa dire di un autore. Porsi al servizio della fantascienza certamente s\u00ec, ma affinch\u00e9 la fantascienza serva a qualcosa: a far fare ulteriori passi in avanti alla letteratura in genere (quindi alla coscienza umana) e in particolare dare di che pensare alle coscienze critiche di coloro che a questo genere si accostano. Che a questo genere si accostano proprio per avere di che ruminare, di che rendersi conto.<br \/>\nUna sola riserva mi sento di opporre (mi perdoner\u00e0 Veronica, ma \u00e8 dovere mio di seriet\u00e0 e onest\u00e0; non solo nei riguardi del lettore, ma dell\u2019autrice medesima. Il \u201ctutto va bene Madama la Marchesa\u201d non \u00e8 il modo migliore di aiutare qualcuno a rendersi conto dei propri limiti e delle strade da intraprendere per superarli): le chiuse dei racconti, non assolutamente all\u2019altezza della forza delle situazioni, delle ambientazioni e delle passioni rappresentate. Troppo soft, troppo sommesse. Troppo pi\u00f9 adatte a romanzi (a un certo tipo di romanzo) che ai racconti (in particolare i racconti di Fantascienza). Non esito a affermare che quando avr\u00e0 appreso a porre in migliore evidenze \u201cle chiuse\u201d, continuando a crescere, potr\u00e0 diventare una delle stelle di prima grandezza nel firmamento della fantascienza europea.<\/p>\n<p style=\"text-align: justify;\"><img decoding=\"async\" loading=\"lazy\" src=\"https:\/\/miglieruolo.files.wordpress.com\/2012\/06\/veronica-santo1n.jpg?w=595&amp;h=446\" alt=\"\" width=\"595\" height=\"446\" \/>\u00a0<img decoding=\"async\" loading=\"lazy\" class=\"alignnone\" src=\"https:\/\/miglieruolo.files.wordpress.com\/2012\/06\/veronica-santo3n.jpg?w=595&amp;h=446\" alt=\"\" width=\"595\" height=\"446\" \/><img decoding=\"async\" loading=\"lazy\" class=\"alignnone\" src=\"https:\/\/miglieruolo.files.wordpress.com\/2012\/06\/veronica-santo3_n.jpg?w=595&amp;h=446\" alt=\"\" width=\"595\" height=\"446\" \/><\/p>\n","protected":false},"excerpt":{"rendered":"<p>E\u2019 appena uscito il volume di Veronica Santo \u201cIl Giardino delle Polene\u201d (Edizioni della Vigna, ISBN 978-88-6276-048-5, http:\/\/www.edizionidellavigna.it\/collane\/FER\/012\/FER012.htm), libro che presenta molteplici motivi di interesse. Sia in quanto permette di affacciarsi su una fantascienza contigua alla nostra ma ispirata da una sensibilit\u00e0 differente rispetto a quella a cui siamo abituati, la fantascienza dei balcani; sia [&hellip;]<\/p>\n","protected":false},"author":1,"featured_media":0,"parent":0,"menu_order":0,"comment_status":"open","ping_status":"open","template":"page-full-width.php","meta":[],"_links":{"self":[{"href":"http:\/\/www.veronika-santo.com\/index.php?rest_route=\/wp\/v2\/pages\/7349"}],"collection":[{"href":"http:\/\/www.veronika-santo.com\/index.php?rest_route=\/wp\/v2\/pages"}],"about":[{"href":"http:\/\/www.veronika-santo.com\/index.php?rest_route=\/wp\/v2\/types\/page"}],"author":[{"embeddable":true,"href":"http:\/\/www.veronika-santo.com\/index.php?rest_route=\/wp\/v2\/users\/1"}],"replies":[{"embeddable":true,"href":"http:\/\/www.veronika-santo.com\/index.php?rest_route=%2Fwp%2Fv2%2Fcomments&post=7349"}],"version-history":[{"count":6,"href":"http:\/\/www.veronika-santo.com\/index.php?rest_route=\/wp\/v2\/pages\/7349\/revisions"}],"predecessor-version":[{"id":7355,"href":"http:\/\/www.veronika-santo.com\/index.php?rest_route=\/wp\/v2\/pages\/7349\/revisions\/7355"}],"wp:attachment":[{"href":"http:\/\/www.veronika-santo.com\/index.php?rest_route=%2Fwp%2Fv2%2Fmedia&parent=7349"}],"curies":[{"name":"wp","href":"https:\/\/api.w.org\/{rel}","templated":true}]}}

<p style="text-align: justify;"><img decoding="async" loading="lazy" class=" alignleft" src="https://miglieruolo.files.wordpress.com/2012/06/veronica-samto2_n.jpg?w=595&amp;h=793" alt="" width="206" height="275" />E’ appena uscito il volume di Veronica Santo “Il Giardino delle Polene” (Edizioni della Vigna, ISBN 978-88-6276-048-5, http://www.edizionidellavigna.it/collane/FER/012/FER012.htm), libro che presenta molteplici motivi di interesse. Sia in quanto permette di affacciarsi su una fantascienza contigua alla nostra ma ispirata da una sensibilità differente rispetto a quella a cui siamo abituati, la fantascienza dei balcani; sia per potersi accostare a una autrice “emergente” che offre una interpretazione personale dei tradizionali temi fantascientifici.<br />
Il volume (presentato ai lettori il 7 giugno presso la libreria Enoarcano, Via delle Paste 106, nel pieno centro di Roma), in considerazione dei criteri ristretti adoperati dall’editore nella scelta dei testi – testi di ambientazione nei balcani – da cui poi il sottotitolo del libro e alcune scelte obbligate delle quali la scrittrice non mi ha nascosto il suo dissenso – presenta testi di valore disuguale; tutti però di sicuro interesse, guidati come sono dalla volontà e capacità dell’autrice di dare nuova linfa alla fantascienza; nonché di servirsene per manifestare la propria<br />
personale visione del mondo. Il che è il meglio che si possa dire di un autore. Porsi al servizio della fantascienza certamente sì, ma affinché la fantascienza serva a qualcosa: a far fare ulteriori passi in avanti alla letteratura in genere (quindi alla coscienza umana) e in particolare dare di che pensare alle coscienze critiche di coloro che a questo genere si accostano. Che a questo genere si accostano proprio per avere di che ruminare, di che rendersi conto.<br />
Una sola riserva mi sento di opporre (mi perdonerà Veronica, ma è dovere mio di serietà e onestà; non solo nei riguardi del lettore, ma dell’autrice medesima. Il “tutto va bene Madama la Marchesa” non è il modo migliore di aiutare qualcuno a rendersi conto dei propri limiti e delle strade da intraprendere per superarli): le chiuse dei racconti, non assolutamente all’altezza della forza delle situazioni, delle ambientazioni e delle passioni rappresentate. Troppo soft, troppo sommesse. Troppo più adatte a romanzi (a un certo tipo di romanzo) che ai racconti (in particolare i racconti di Fantascienza). Non esito a affermare che quando avrà appreso a porre in migliore evidenze “le chiuse”, continuando a crescere, potrà diventare una delle stelle di prima grandezza nel firmamento della fantascienza europea.</p>
<p style="text-align: justify;"><img decoding="async" loading="lazy" src="https://miglieruolo.files.wordpress.com/2012/06/veronica-santo1n.jpg?w=595&amp;h=446" alt="" width="595" height="446" /> <img decoding="async" loading="lazy" class="alignnone" src="https://miglieruolo.files.wordpress.com/2012/06/veronica-santo3n.jpg?w=595&amp;h=446" alt="" width="595" height="446" /><img decoding="async" loading="lazy" class="alignnone" src="https://miglieruolo.files.wordpress.com/2012/06/veronica-santo3_n.jpg?w=595&amp;h=446" alt="" width="595" height="446" /></p>

<p>E’ appena uscito il volume di Veronica Santo “Il Giardino delle Polene” (Edizioni della Vigna, ISBN 978-88-6276-048-5, http://www.edizionidellavigna.it/collane/FER/012/FER012.htm), libro che presenta molteplici motivi di interesse. Sia in quanto permette di affacciarsi su una fantascienza contigua alla nostra ma ispirata da una sensibilità differente rispetto a quella a cui siamo abituati, la fantascienza dei balcani; sia [&hellip;]</p>
